 a multiple of 948?
True
Is 10 a factor of 26063840?
True
Is 103 a factor of 518260857?
False
Is 24 a factor of 7585722?
False
Does 1050 divide 835164670?
False
Does 62 divide 12970214?
True
Does 1903 divide 243858556?
False
Does 104 divide 56637048?
True
Is 80 a factor of 3453360?
True
Is 30 a factor of 7616040?
True
Is 402 a factor of 427806157?
False
Is 4994786 a multiple of 1616?
False
Is 102354655 a multiple of 123?
False
Is 1319450308 a multiple of 22?
True
Is 18061521 a multiple of 14?
False
Is 306 a factor of 37907033?
False
Does 822 divide 389331258?
True
Does 15 divide 5932710?
True
Is 1368 a factor of 47851013?
False
Is 946423025 a multiple of 11?
False
Does 34 divide 34676396?
True
Does 6 divide 48345622?
False
Is 46436909 a multiple of 14?
False
Is 18 a factor of 367269589?
False
Does 6 divide 111332058?
True
Does 340 divide 13349420?
True
Is 7423265960 a multiple of 11?
True
Does 4011 divide 1857196795?
False
Is 83666429 a multiple of 143?
False
Does 47 divide 197145056?
False
Is 1548753358 a multiple of 121?
False
Is 23345239 a multiple of 2?
False
Is 380995960 a multiple of 20?
True
Is 1777039908 a multiple of 39?
False
Is 16313942 a multiple of 102?
False
Is 9 a factor of 433856911?
False
Does 3 divide 17653184?
False
Is 8 a factor of 626996?
False
Is 905318861 a multiple of 173?
True
Does 44 divide 4027760?
True
Is 638245224 a multiple of 3132?
True
Is 89 a factor of 844877?
True
Is 252 a factor of 59592586?
False
Does 7 divide 854785890?
True
Does 12 divide 54612540?
True
Is 1297853541 a multiple of 9?
True
Is 88 a factor of 119609952?
True
Is 2281 a factor of 1970062?
False
Does 1556 divide 1936771872?
True
Does 534 divide 31595620?
False
Is 12422080 a multiple of 64?
True
Does 1393 divide 28726790?
False
Does 140 divide 37449103?
False
Is 22 a factor of 1312718?
True
Is 782 a factor of 183972435?
False
Is 16033276 a multiple of 332?
True
Is 222516864 a multiple of 13?
False
Is 203690478 a multiple of 1486?
True
Is 59 a factor of 65034225?
True
Is 8052 a factor of 3335892082?
False
Does 138 divide 19543284?
True
Is 39624612 a multiple of 2076?
True
Does 104 divide 33264154?
False
Is 2075831358 a multiple of 1387?
True
Does 6 divide 4280698?
False
Does 91 divide 14769573?
True
Is 58 a factor of 123705126?
True
Does 2245 divide 289303802?
False
Is 91121800 a multiple of 679?
True
Is 551175680 a multiple of 64?
True
Is 830928619 a multiple of 45?
False
Is 2813 a factor of 780663760?
True
Is 1388720 a multiple of 112?
False
Is 348294047 a multiple of 4921?
False
Is 512 a factor of 123438592?
True
Is 438 a factor of 230025336?
True
Is 13417020 a multiple of 30?
True
Is 1203 a factor of 6289105971?
False
Is 56946175 a multiple of 65?
True
Does 58 divide 707928222?
True
Is 146526894 a multiple of 1990?
False
Does 10 divide 84480830?
True
Is 35 a factor of 3216971?
False
Is 104 a factor of 39721705?
False
Does 73 divide 96108661?
True
Is 19 a factor of 574334774?
True
Does 73 divide 143634800?
True
Is 5761218 a multiple of 2?
True
Is 207483316 a multiple of 8?
False
Does 11 divide 26970870?
False
Does 236 divide 165658724?
False
Is 41112137 a multiple of 43?
False
Does 830 divide 346165610?
True
Does 285 divide 646970520?
True
Is 213407200 a multiple of 3?
False
Is 1267365580 a multiple of 52?
True
Does 780 divide 285589025?
False
Is 2940512615 a multiple of 292?
False
Is 84512015 a multiple of 119?
True
Does 15 divide 58815450?
True
Is 545 a factor of 1334344755?
True
Does 63 divide 2187258?
False
Is 14 a factor of 5346940?
False
Does 1676 divide 424183868?
True
Is 4256130160 a multiple of 435?
False
Is 243873961 a multiple of 14?
False
Is 409463260 a multiple of 57?
False
Does 284 divide 11597708?
True
Does 20 divide 213493180?
True
Is 291 a factor of 127876167?
True
Is 41724644 a multiple of 4381?
True
Is 90466044 a multiple of 204?
True
Does 122 divide 1030778?
True
Is 1071812784 a multiple of 1483?
False
Does 16 divide 76744626?
False
Does 14 divide 62756120?
True
Is 11 a factor of 381454073?
True
Is 7128702 a multiple of 54?
True
Is 198404088 a multiple of 73?
False
Does 17 divide 229990798?
False
Does 601 divide 34366311?
False
Is 13971360 a multiple of 1560?
True
Does 151 divide 117897534?
False
Is 7 a factor of 819485884?
True
Is 501 a factor of 71251932?
False
Does 2435 divide 276816882?
False
Is 257916984 a multiple of 52?
True
Is 1756 a factor of 964512852?
True
Is 215 a factor of 2102223728?
False
Is 611 a factor of 51752000?
False
Is 1299425730 a multiple of 402?
False
Is 67322010 a multiple of 339?
True
Is 4206538038 a multiple of 129?
True
Does 135 divide 458535735?
True
Is 350669058 a multiple of 226?
True
Does 35 divide 747595415?
True
Is 68453559 a multiple of 12?
False
Is 105 a factor of 120923040?
True
Is 14504973 a multiple of 1357?
True
Is 1185 a factor of 196429155?
True
Does 37 divide 546769893?
False
Does 195 divide 64540125?
True
Is 12 a factor of 66213276?
True
Does 38 divide 2372036?
True
Is 3 a factor of 48510630?
True
Is 146426000 a multiple of 350?
True
Is 2146871404 a multiple of 416?
False
Does 864 divide 732078432?
True
Does 31 divide 20412384?
True
Does 10 divide 719292620?
True
Does 11 divide 415981449?
False
Does 13 divide 559677339?
True
Does 35 divide 117947025?
True
Is 565 a factor of 563589760?
True
Does 45 divide 161130105?
True
Does 118 divide 292386552?
False
Does 9 divide 113884722?
True
Is 74839920 a multiple of 597?
True
Is 2141115501 a multiple of 2487?
True
Is 848 a factor of 3822010754?
False
Does 1611 divide 520326309?
False
Does 898 divide 33442418?
True
Is 145192170 a multiple of 10?
True
Is 119622686 a multiple of 24?
False
Is 883 a factor of 68858098?
False
Does 11 divide 74730986?
True
Is 6 a factor of 198572?
False
Is 2794 even?
True
Does 23 divide 179992802?
True
Does 542 divide 2821494756?
False
Is 672 a factor of 682424064?
True
Does 119 divide 116044040?
True
Does 11 divide 56888115?
False
Is 9725051 a multiple of 69?
False
Is 579486995 a multiple of 3373?
False
Does 82 divide 383271713?
False
Is 360 a factor of 2898439?
False
Does 32 divide 37396671?
False
Does 1054 divide 328923653?
False
Does 746 divide 1031358428?
True
Is 2276 a factor of 1875424?
True
Is 1736378337 a multiple of 2131?
False
Does 1405 divide 194857856?
False
Is 9690686 a multiple of 2?
True
Does 205 divide 407226760?
True
Does 13 divide 340043262?
True
Is 33 a factor of 111817959?
True
Does 34 divide 152428188?
True
Is 1132091340 a multiple of 20?
True
Is 807 a factor of 23863797?
True
Does 129 divide 3768219?
True
Is 6532 a factor of 342393102?
False
Is 58 a factor of 75730664?
False
Does 2066 divide 540645004?
False
Does 2798 divide 88291749?
False
Does 3402 divide 312429247?
False
Is 2552 a factor of 1690353834?
False
Is 274032846 a multiple of 1923?
False
Does 74 divide 47435110?
True
Does 52 divide 117896407?
False
Is 17 a factor of 682819660?
False
Is 791281549 a multiple of 1045?
False
Is 545 a factor of 245699080?
True
Is 105 a factor of 696780?
True
Is 106534134 a multiple of 53?
True
Does 6 divide 174065279?
False
Is 140 a factor of 240465120?
True
Does 57 divide 112776495?
True
Is 2319 a factor of 129411630?
False
Is 635042919 a multiple of 12?
False
Does 601 divide 722989182?
False
Does 16 divide 645431408?
True
Does 3263 divide 124447557?
True
Is 129 a factor of 13668141?
False
Does 116 divide 233743484?
False
Is 529 a factor of 14226926?
True
Is 300 a factor of 369546300?
True
Does 18 divide 226367113?
False
Does 97 divide 35879109?
False
Does 4 divide 15693879?
False
Is 103110678 a multiple of 561?
True
Is 283125414 a multiple of 24?
False
Is 72 a factor of 470857608?
True
Is 961229556 a multiple of 42?
True
Is 113523660 a multiple of 47?
False
Does 14 divide 522734922?
False
Does 5 divide 24445625?
True
Is 299945312 a multiple of 262?
False
Does 23 divide 54861739?
True
Is 734726816 a multiple of 2053?
False
Is 3475 a factor of 2785665783?
False
Does 19 divide 3160160427?
True
Is 185899894 a multiple of 3296?
False
Is 475 a factor of 181716110?
False
Is 1404569974 a multiple of 86?
True
Is 8 a factor of 2087436150?
False
Is 2927 a factor of 6907720?
True
Does 1045 divide 241826585?
True
Is 59 a factor of 98124244?
False
Is 398 a factor of 46524579?
False
Does 163 divide 297810788